*i**4 - 1/60*i**5 + 0 + 2/3*i**3 + 0*i. What is l(5)?
-6
Suppose -1 = -4*r + 19. Suppose -15 = -3*n + r*b, 3 = -2*n - b - 0. Let q(z) = z**3 - z**2 + z - 4. What is q(n)?
-4
Let d(y) = -1 - 2*y + 3 + 0 - y**3 - 3*y**2. Suppose -2*l + 7 = -w, -4*w + 7*w = -2*l - 5. Suppose x + 1 = -l. Calculate d(x).
8
Let w = -4 + 4. Let o(x) = -x**2 + 7*x + 1. Let i be 9/(3/(-1)) - 10. Let c(t) = 2*t**2 - 15*t - 3. Let d(j) = i*o(j) - 6*c(j). Calculate d(w).
5
Suppose -3*u = 5*x - 5*u + 30, 3*u = -4*x - 24. Let m(d) = -d**3 - 5*d**2 + 8*d + 7. Give m(x).
-5
Suppose -57*a + 53*a + 16 = 0. Let i(j) = -j + 1. Let g(y) = 1. Let u(s) = g(s) - 2*i(s). Give u(a).
7
Suppose -2*s = -5*s + 12. Let z = 7 - s. Let p(l) be the second derivative of l**5/20 - l**4/3 + 2*l**3/3 - 2*l**2 - 9*l. Give p(z).
-1
Let g(t) = 3*t + t + 15 - 5*t. Let i = -42 + 49. Calculate g(i).
8
Suppose -3*y = 5*m - 33, -33 = -4*y - 0*y - 3*m. Let t(l) = -l**2 + 9*l - 7. Calculate t(y).
11
Let w be 10/(-6)*(0 - 3). Let v be 52/20 - (-3)/(-5). Let g(q) = -3 + 2*q - v + 1. Determine g(w).
6
Let m(t) be the third derivative of t**6/120 + t**5/12 + t**4/6 - t**3/3 + 16*t**2. Calculate m(-4).
-2
Let c(u) = -6*u**2 + u + 0*u**2 + u**2 + 3*u**2. What is c(2)?
-6
Let r(p) = p + 3. Let v(t) = -4*t + 66. Let b be v(19). Calculate r(b).
-7
Suppose 2*y - c - 4 = 0, 3*y = -2*y - c + 17. Let z(g) be the first derivative of 3*g + 2*g**2 - 3 + 1/3*g**y. Give z(-4).
3
Let i(f) = f**2 - 1 + 0 + f + 12*f**2. What is i(1)?
13
Let q(v) = -2*v + 14. Let a be q(7). Let b(z) = a*z - 33 + 39 - 2*z. Calculate b(4).
-2
Let p(h) = -7*h + 9. Let d = 5 + 1. Let o(t) = -t. Let y(n) = d*o(n) - p(n). What is y(6)?
-3
Let d(b) = b**3 - 5*b**2 - 4*b - 6. Let p(z) = z - 3. Let l = -11 + 20. Let t be p(l). What is d(t)?
6
Let m(g) be the first derivative of -g**3/3 + g**2/2 + 4*g - 1. Suppose 5*x - 16 = -6. Let c = x - -1. Give m(c).
-2
Let g(o) = 0*o - 4 - 5 + 3*o - 2. Determine g(8).
13
Let c be 3 + (5 - 7) + -5. Let y(x) = x**3 + 2*x**2 - 3*x. What is y(c)?
-20
Let o(f) = -f**2 - 2*f + 4. Let z(s) = -s**2 + 4*s + 3. Suppose 0*j - 4 = -j. Let u be z(j). Determine o(u).
-11
Let c be (-1)/(-6) + (111/(-18) - 1). Let n(w) = 2 - w - 3*w + 6*w. Give n(c).
-12
Let m(v) = -v**2 - 3*v + 7. Let s(z) = -z**3 - 7*z**2 + z + 9. Let b be s(-7). Let k = -3 - b. Calculate m(k).
-3
Let r(t) = 2*t**2 + 3*t + 1. Let x = 0 - -3. Suppose 4*p + 5 = -x. What is r(p)?
3
Let k(x) = -5*x. Let o be -6*((-33)/22 + (1 - -1)). Give k(o).
15
Let g(c) = -c - 1. Let m be g(0). Let t = m - -4. Suppose -t*v + 5*h = -3, -v + h - 3 = -2. Let d(f) = -f**2 - 4*f - 1. Determine d(v).
-1
Let i(d) = -2*d + 4. Let s(n) = 3*n - 9. Let v(u) = 5*i(u) + 3*s(u). Suppose -c + 4 = -3*c. Let z be -2*((-1)/c + 2). Determine v(z).
-2
Let w(x) = x - 5. Let j be w(4). Let m(o) be the second derivative of 5*o**4/12 - o**3/6 - 5*o. What is m(j)?
6
Let j be (30/(-6))/(5/(-2)). Let s(k) = 3*k + 1. Calculate s(j).
7
Let a(x) = x + 9. Let o = -13 - -13. Calculate a(o).
9
Let c(w) = 1 + 2*w - 9*w**2 + 4*w - 2 - 4*w. Let s = 4 - 3. What is c(s)?
-8
Let p(t) be the third derivative of -t**5/60 + t**4/6 + t**3 - 29*t**2. Let g be 50/8 + 1/(-4). Give p(g).
-6
Let j(a) = -164*a**2 - 1 - 3*a + 162*a**2 + 0*a + 2*a. Calculate j(-2).
-7
Suppose -5*v = 4*o - 18, 3*v + 2*o + 4 = 7*v. Let t(g) = 39 - 60 - g + 25. Determine t(v).
2
Let r(u) = -9*u**2 - 10*u + 2. Let y(x) = 4*x**2 + 5*x - 1. Let b(w) = 3*r(w) + 7*y(w). Let m be b(-6). Let n(g) = m*g + 3 - 5 + 3. Determine n(1).
6
Suppose -2*n + 2 = 4*i, 2*n - 8 = -4*i + 6*n. Let o(v) = -5*v + 1. Let s be o(i). Let y be 1*(-3 - (s - -2)). Let h(j) = -7*j**3 + j**2 + j. Calculate h(y).
7
Let q be 2/2*(3 + 0). Let d = q - 2. Suppose -1 = -g + d. Let l(k) = -4*k + 2. What is l(g)?
-6
Let p(k) = k - 5*k**2 + k - 1 + 4*k**2. Let n = 111 - 160. Let r be 14/n*(-14)/2. What is p(r)?
-1
Let f(q) = q - 4. Let i be f(8). Suppose 0 = -2*a + 2 + 6. Let z(g) = -4*g**2 + a + 2*g**3 + 3*g - 5 - g**3. Calculate z(i).
11
Suppose 5*j - 4*z + 3 + 1 = 0, -5*j + 2 = 2*z. Let w = -1 + 3. Let r(q) = w + 2*q + j*q - q. What is r(-2)?
0
Suppose -2*o - 3*q + 18 = 0, -o = 4*o - q - 28. Let z(t) = -t**2 + 5*t - 8. Give z(o).
-14
Let k(o) be the third derivative of o**6/120 - o**5/10 + o**4/6 + 5*o**3/6 + 20*o**2. Calculate k(5).
0
Let o(i) = i**3 + 5*i**2 + 7*i + 4. Let t = -5 - -1. What is o(t)?
-8
Let k = -19 - -16. Let q(t) = -3*t**2 - 2*t + 3. Let u(a) = 2*a**2 + a - 2. Let g = -7 - -4. Let h(f) = g*q(f) - 4*u(f). What is h(k)?
2
Let h(y) = 3*y**2 + 2*y - 6. Let n(m) = 13*m**2 + 7*m - 25. Let i(x) = 9*h(x) - 2*n(x). Calculate i(-5).
1
Suppose 10 + 5 = -2*j - i, -j = 2*i + 12. Let c(m) = -m**2 - 7*m + 2. What is c(j)?
8
Let q(f) = f**3 - 5*f**2 + 4*f - 3. Let x(v) = -9*v**2 - 49*v + 57*v + 4 + v**3 + 0*v**3 + 0*v**3. Let p be x(8). Give q(p).
-3
Let n(o) be the first derivative of 1/2*o**2 + 5 + 2*o. Let i = -2 - -2. Determine n(i).
2
Suppose 4 = 3*t - 2*t. Suppose 0 = -3*o - t*k + 9, -o + 6 = o - 3*k. Suppose 0 = -4*g + s - 8, -o*s + 21 = -5*g + s. Let w(r) = -7*r**2 + 1. Calculate w(g).
-6
Let v(f) = f - 9. Suppose 0 = -5*g - 0*g + 2*w, 0 = -3*w. Suppose g = -5*k + 2*k. Determine v(k).
-9
Suppose h - 3 = 4*h. Let x = 1 - h. Let u(d) = -2 - x + 0*d - d + 3. Determine u(-3).
2
Let o = 4 + -7. Let q be 2/(-2) - (-9)/o. Let f(j) = -6*j - 2*j + 6*j + 5*j + 5. Determine f(q).
-7
Let r = 13 + -29. Let a = 15 + r. Let o(w) = 0 + w + w + 5*w**2 + 1. Determine o(a).
4
Let p(x) = -x. Let y(q) = -5*q + 3. Let s(w) = 4*p(w) - y(w). Suppose b - 8 = 3*b. Let h be 1*b*(-3)/4. Give s(h).
0
Let v(h) = -h**3 + 10*h**2 - 9*h. Let n be v(9). Let g(f) = -5*f**2 + f**3 - 5*f + 10*f - 1 + n - 1. Give g(3).
-5
Let d be 92/28 + (-4)/14. Let k(p) be the first derivative of -p**3/3 + p**2/2 + 2*p + 2. Determine k(d).
-4
Let s(z) = -2*z - z + 9 - 3*z - 6. What is s(2)?
-9
Let s(g) = g - 1. Let c(h) = h + 0*h + 131 - 141. Let x(m) = -c(m) + 2*s(m). Suppose -4*z - 6*t = -2*t + 28, 5*z = -t - 31. What is x(z)?
2
Let r = 18 - 17. Let c(i) = 2*i**3 - 4*i + 2*i - i**3 + 1. Calculate c(r).
0
Suppose -15 = -2*v - 7. Let d(p) = 3 + 0 - 3*p + p. Determine d(v).
-5
Let m(x) = -3*x + 6*x**2 + 2 - x**3 + 1 + 5. Let j(s) = -s**3 - 11*s**2 + 6. Let b be j(-11). Determine m(b).
-10
Suppose -6*z = -2*z - 28. Let n(p) be the second derivative of p**3/6 - 4*p**2 - 9*p. Give n(z).
-1
Let r(c) = 2*c**2 + 13*c - 2. Let l(y) = y**2 + 6*y - 1. Let z(s) = 5*l(s) - 2*r(s). Suppose -5*q - 3*x = 5 + 18, 2*x = -3*q - 14. Calculate z(q).
-1
Suppose 9*r - 25 = 4*r. Let t(x) = 3*x**3 - 22*x**2 - 4*x - 13. Let n(k) = k**3 - 7*k**2 - k - 4. Let u(a) = -7*n(a) + 2*t(a). Give u(r).
-3
Suppose 3*s = 6*s + 33. Let j(i) = -i - 5. Let p(x) = -5*x - 24. Let g(v) = s*j(v) + 2*p(v). Give g(5).
12
Let q(l) = -l**3 + 3*l**2 + 7*l - 5. Let n = 14 - -5. Suppose 41 = 4*o - n. Suppose 23 = 5*b - g - 2, 5*b + g = o. Give q(b).
7
Let k(w) = -4*w + 54. Let b be k(13). Let n(z) = 2*z**3 - z**2 - 4*z + 3. Give n(b).
7
Let c(g) = 2*g**2 + g + 2. Let t(n) be the first derivative of -2*n**3 - n**2 - 6*n - 2. Let q(a) = -11*c(a) - 4*t(a). Suppose 3 + 0 = x. Give q(x).
11
Let q(d) = 4*d. Let y be q(1). Let i(c) = -2 + 7 - 6*c**2 - 5*c + 4*c**2 + 3*c**2. Calculate i(y).
1
Suppose v + 15 = 5*h, 22 = h - v - 3*v. Let w(u) = 0*u + 0*u + u + 3*u**h. Suppose 2*p + 0*p = -2. What is w(p)?
2
Let m = 3 + -1. Suppose 2 = m*n - d + 7, 4*n = -d - 25. Let w(f) be the third derivative of f**4/24 + 2*f**3/3 - 2*f**2. Calculate w(n).
-1
Suppose 2*z - 3*n = -14, -5*z = -4*z - 3*n + 10. Let y(q) = q**3 + 3*q**2 - 6*q - 6. What is y(z)?
2
Let k(h) = -h**3 + 6*h**2 + 6*h + 6. Let v be k(7). Let r = -1 + v. Let s(b) = -b**2 - b. Let w(t) = 4*t**2 + 3*t - 2. Let l(c) = 5*s(c) + w(c). Calculate l(r).
-2
Let g(k) = -k**3 + 6*k**2 + 2*k - 8. Let z be g(6). Let f(r) = r**3 - 5*r**2 + 4*r + 5. Calculate f(z).
5
Let n(t) = -3*t - 7. Let s(d) = 4*d + 11. Suppose -w - 6 - 2 = 0. Let r(x) = w*n(x) - 5*s(x). Give r(2).
9
Let x(v) = -v**2 - 9*v - 1. Let u = 6 + -13. Calculate x(u).
13
Let j = -3 + -3. Let i(k) = k**2 - 6*k + 2. Let o be i(6). Let g be (4/o)/((-3)/j). Let a(h) = -h**2 + 6*h - 1. Determine a(g).
7
Let z(v) = 3*v**2 - 5*v**2 - v**3 - 4*v - 4*v**2 - 2. Let p(t) = 8 - 13 - 7 - t. 